ine b(n).
2
Let m(l) = -611*l**3 + 4*l**2 + 2*l - 2. Let q be m(-1). Suppose 3*k = -q + 590. Let f(z) = z**3 + 8*z**2 + 8*z + 8. Determine f(k).
1
Suppose 5*r + 4*z - 22 = 12, 2*r = 3*z + 9. Suppose -r*o + 66 = -12. Let t(h) = 2*h - 34. Let x be t(o). Let n(f) = -f**2 - 10*f - 10. Give n(x).
6
Suppose -4*t = 39 + 1. Let s be 2*(-2)/t*10. Let w(n) = n**2 + 3*n - 5. Let p(i) = -i. Let u(b) = -5*p(b) - w(b). Calculate u(s).
-3
Let m(z) = -2*z + 45. Let q be m(5). Let y be (-7)/q - 104/(-20). Let o(l) be the first derivative of l**2/2 - 10*l - 2. What is o(y)?
-5
Let i(n) = n + 8. Suppose -4*l = -5*c - 39, -4*l + 78 - 32 = 2*c. Suppose w = -l + 5. Calculate i(w).
2
Suppose 0 = 3*o - 5*v - 17, -2*o - 6 - 4 = 2*v. Let w(g) be the first derivative of -7*g**3/3 + 3*g**2/2 + 3*g + 652. Give w(o).
-7
Let n(v) be the second derivative of -v**4/12 - 2*v**3/3 - 2*v. Let u = -177 + 185. Let z be (-34)/8 + ((-34)/u)/(-17). Determine n(z).
0
Let l(f) = -f**2 - 10*f - 15. Let n be l(-5). Suppose -5*m = 2*q - n + 35, 0 = 4*q + 2*m + 10. Let t(b) = -b**2 + b + 1. Determine t(q).
1
Let a(x) = -5*x**2 - 5 + 3 + 2*x + 5 - 4*x**2 - 5*x. Give a(2).
-39
Let a(f) = -3*f + 11. Let o(s) = 2*s - 7. Let j(v) = -3*a(v) - 5*o(v). Let c(g) = g**2 - 4*g + 6. Let m be c(3). What is j(m)?
-1
Let c = 512 + -475. Let y = 44 - c. Let a(i) = -5*i**3 - 11*i - 14. Let p(g) = -4*g**3 - g**2 - 10*g - 13. Let t(j) = -5*a(j) + 6*p(j). Give t(y).
6
Let d(u) be the third derivative of -u**5/60 + u**4/24 + u**3/2 - u**2. Suppose -105 - 145 = 2*a + f, -4*a - 5*f - 512 = 0. Let p = a - -120. Calculate d(p).
-9
Let l(i) = i**2 + i. Suppose 14*f = -2*b + 9*f + 26, 68 = 4*b + 2*f. Let t be 1925/(-495) - 2/b. Calculate l(t).
12
Suppose 0 = m + 2*v - 117 + 101, -3*v + 15 = 0. Let r(i) = -9*i + 62. Determine r(m).
8
Let x(o) = -4*o + 17. Let n(g) = -6*g**2 + 261*g - 125. Let t be n(43). Give x(t).
1
Suppose -261*w = -247*w + 70. Let o(s) = s**2 + 4*s - 11. Determine o(w).
-6
Let z(a) = 17*a - 39. Let b(j) be the third derivative of -j**4/6 + 5*j**3/3 - 3*j**2 + 14*j. Let t(u) = 9*b(u) + 2*z(u). Calculate t(9).
-6
Suppose -440 = c - 5*c. Let j(b) be the first derivative of b**2 + b**2 + 127 - c + b - 3*b**2. What is j(4)?
-7
Let l(f) = -f**3 - 5*f**2 - f - 10. Let g be (117/(-234))/(3/(-2 - -38)). Calculate l(g).
32
Let g(o) = o**2 - 63*o - 1. Let c(r) = -r**3 + 8*r**2 - 123*r - 12. Let y(a) = -c(a) + 2*g(a). Give y(5).
-30
Let a(j) = -2*j**2 + 7*j - 6. Let x(u) = -13*u + 4*u**2 - u + 0*u**2 + 12 + 0*u**2. Let k(i) = 13*a(i) + 6*x(i). Let g = 1 + 3. Give k(g).
-10
Let i be ((10268/60)/(-17) - -10)/(-2). Let r(o) be the third derivative of 0*o**3 + i*o**5 + 0 + 14*o**2 + 0*o + 1/4*o**4. Calculate r(-4).
8
Let l(s) = -7*s - 14. Suppose -g = 7*g - 48. Let i(v) = v + 2. Let q(u) = g*i(u) + l(u). Give q(-3).
1
Let g(n) = 8 + n**2 + 13*n + 8*n - 22*n + 11*n. Let j = 25 + -20. Suppose 4*x + j = 25, -32 = 3*w - x. Calculate g(w).
-1
Let x be (-1 - 56/(-16))*(19/(-5) - -5). Let r(q) = -17*q - 2. What is r(x)?
-53
Let c(q) be the second derivative of -2*q + 21 + 0*q**2 + 4/3*q**3. What is c(-4)?
-32
Let u(j) = 18 - 2*j - 6*j + 4*j + 5*j. Suppose -117*k - 6 = -6. Calculate u(k).
18
Let f(q) = 12*q**2 + 19*q - 21. Let a(w) = -14*w**2 - 19*w + 22. Let u(b) = 5*a(b) + 6*f(b). Calculate u(-14).
110
Let s = 10216 + -10213. Let k(z) = -z**2 + 13*z - 19. Determine k(s).
11
Let r(c) = -5*c + 5. Suppose -4*z - 3*l = -7*z + 60, -68 = -5*z - 3*l. Suppose z*k - 73 = -9. Give r(k).
-15
Let s(x) = -2*x + 27. Let n(p) = p**3 + 12*p**2 + 45*p + 75. Let i be n(-6). Give s(i).
-15
Let s(f) = -372*f - 13049. Let p be s(-35). Let l(d) = -2*d**2 - 55*d + 85. Give l(p).
-2
Let c(a) = -21*a + 218. Let b(h) = 230*h - 2380. Let x(w) = 3*b(w) + 32*c(w). Calculate x(9).
-2
Let n(z) = -z**3 - 16*z**2 - 10*z + 4. Suppose -25*m - 84 = -21*m - 4*y, 3*y = 2*m + 48. Give n(m).
-71
Let v(r) = 7 - 63*r - 60*r - 56*r + 181*r. Suppose -5*d + 4*c - 26 = 0, -5*d + 0*c - c = 31. Determine v(d).
-5
Suppose 13*r - 129*r + 6*r - 770 = 0. Let z(n) = 5*n + 45. Give z(r).
10
Suppose 3*h + 2*k = 20, 5*h - 20 = h - 4*k. Let b be (4 + -1)/(3/((-84)/(-2))). Let j(x) = 36 + x**2 - 72 + b - 11*x. What is j(h)?
-4
Let g(b) be the first derivative of -b**4/4 - b**3 + b**2/2 - b + 731. Determine g(-3).
-4
Let x(f) be the second derivative of -f**4/12 - 5*f**3/6 + 55*f**2/2 - 1011*f. What is x(-10)?
5
Let y(u) be the first derivative of -5*u**3/3 + u - 930. Let m be ((-8)/(-16))/(1/(-36)). Let a = -17 - m. Calculate y(a).
-4
Let r(n) = -n**3 + 27*n**2 + 62*n - 113. Let t = 42120 + -42091. Give r(t).
3
Let x(d) be the first derivative of 7*d**2/2 - 2*d - 1251. What is x(1)?
5
Let s(l) = 3*l**2 - l + 1. Let i(t) = -2*t - 12. Let h be i(-7). Let o be 2 + (3 - 3) - (-5 - -3). Suppose o = h*k + 2*k. Give s(k).
3
Let j(o) = -o - 11. Let v(s) = 3 - 3 - 5*s + 3 + 1. Let b be v(2). What is j(b)?
-5
Let l(i) = i**2 - 13*i + 12. Let t be 11 + (-5 - 14) - -18. Determine l(t).
-18
Let x(k) = -k**2 + 2*k + 2. Suppose z - 10 - 22 = 4*y, z - 24 = 2*y. Let h = 8 - z. Let m be 27/(-18)*h/(-6). Calculate x(m).
-6
Let q(f) = -5*f. Let b(s) = 5*s - 7. Let o(m) = -m + 3. Let g(h) = -b(h) - 2*o(h). Let u(a) = -4*g(a) + 3*q(a). Give u(-9).
23
Let h = -41870 + 41868. Let g(a) = -20*a**2 + 3*a + 7. What is g(h)?
-79
Let o(n) = 3. Let j(q) = -q - 1. Let r(g) = 6*j(g) + 2*o(g). Let y be (-6)/(-4)*-1*63*(-238)/7497. What is r(y)?
-18
Let s(a) = -3 + a**3 - 3*a**3 + 777*a + a**3 + 4*a**2 - 774*a - 3*a**2. Suppose 0 = 2*o - 8*o - 18. Calculate s(o).
24
Suppose 36 + 12 = -48*y. Let o(r) = 109*r**2 - 4*r - 2. Calculate o(y).
111
Let a(v) = 321*v**2 - 304*v**2 + 0 + 11 - 9*v - 9*v**3 - 7*v**3 + 14*v**3. Calculate a(8).
3
Let k = -215 + 221. Let t(l) = l**3 - 1. Let r(q) = -5*q**3 + 5*q**2 + 2*q + 2. Let b(n) = k*t(n) + r(n). Determine b(-3).
8
Let p(o) = -23*o - 191. Let u(g) = 23*g + 162. Let x(m) = 5*p(m) + 6*u(m). Determine x(-1).
-6
Let y be 54/30*5/3. Let n(d) = -5*d + 4. Let g(v) = -10*v + 8. Let c(q) = -6*g(q) + 11*n(q). What is c(y)?
11
Suppose 7 = -v + r + 22, 3*v - 5*r = 39. Let n(h) = 2*h**2 - 3*h**2 - 18*h + 2*h**2. Let q be n(v). Let u(w) = -w**3 + w**2 - w + 9. Calculate u(q).
9
Let o(y) = -2*y - 14. Let v(c) be the first derivative of c**3/3 - 3*c**2 - c - 81. Let f be v(4). What is o(f)?
4
Let d(h) = -h**2 - 14*h - 47. Let m(t) = -862*t - 2591. Let z be m(-3). Determine d(z).
-2
Let u(d) = -2*d**2 - 6*d + 5. Let j be u(-5). Let s = -8 - j. Suppose -5*q + l = 20, q + l = -l + s. Let y(w) = -w**2 - 2*w. What is y(q)?
-3
Let y(o) be the first derivative of -o**4/4 - 14*o**3/3 - 6*o**2 + 5*o + 314. Give y(-13).
-8
Let o(d) be the second derivative of -7/6*d**3 + 0 + 1/20*d**5 - d + 1/2*d**2 - 1/2*d**4. Suppose 7768 - 7943 = -25*j. Calculate o(j).
1
Suppose 4*b - 167 = -5*g, 4*b - 50 = -124*g + 122*g. Let u(x) = x**3 - 39*x**2 - 3*x + 89. Determine u(g).
-28
Let d(l) = l - 2. Let q(o) = -o**3 + 6*o**2 - 5. Let n be q(6). Let k be (1 + -2)*(-1 - n). Let t be 1/((2/k)/((-15)/(-6))). Calculate d(t).
-7
Let o(l) = -5*l**2 + 219*l - 13. Let c(t) = -6*t**2 + 275*t - 16. Let f(q) = 4*c(q) - 5*o(q). Suppose 5*x - 4*x + 5 = 0. Give f(x).
1
Let m(g) = 5*g**2 - 20*g + 9. Suppose -5*b = 2*i + 1, -4*i - 2*b = -7*b + 17. Let h(c) = -4*c**2 + 17*c - 8. Let y(v) = i*m(v) - 4*h(v). Determine y(6).
-7
Suppose -8*x - 18 = -11*x. Suppose 4*v = -2*o + x, -5*o - 15 = -2*o. Let q(w) = -5*w + 6 + v*w + 6. What is q(7)?
5
Let f = 0 - -9. Suppose -13 = -f*l + 14. Let s(a) = -a - a**l - 9 + 52*a**2 - 52*a**2. Calculate s(0).
-9
Suppose -26 = -2*p + 4*c, -2*p + 85*c - 87*c - 22 = 0. Let f(z) be the third derivative of -z**5/30 - z**4/6 - z**3/2 + 2*z**2. What is f(p)?
-9
Let q(g) = g**2 + g. Let b(v) = 4*v**2 + 54. Let j(t) = 2*t**2 + 26. Let k(f) = 3*b(f) - 7*j(f). Let d(z) = -k(z) - 3*q(z). Determine d(-6).
2
Let x(y) = -929 + 7*y**2 - 9*y**2 - 11*y**2 + 949 + y**3 - 13*y - 8*y. What is x(14)?
-78
Let j(b) be the second derivative of -7/6*b**4 + 1/120*b**5 + 0*b**3 + 0 + 15*b + 0*b**2 - 1/720*b**6. Let o(i) be the third derivative of j(i). What is o(-6)?
7
Let z(d) = d**3 - 30*d**2 - 35*d + 114. Let i = -7744 + 7775. Calculate z(i).
-10
Let u(g) be the second derivative of -g**4/12 - g**3/6 + 5*g**2 - 25*g. L